{"id":461,"date":"2018-06-06T13:26:09","date_gmt":"2018-06-06T13:26:09","guid":{"rendered":"http:\/\/www.cedrusquimica.com\/actividades\/?page_id=461"},"modified":"2025-03-24T11:06:17","modified_gmt":"2025-03-24T11:06:17","slug":"quienes-somos","status":"publish","type":"page","link":"https:\/\/www.cedrusquimica.com\/actividades\/quienes-somos\/","title":{"rendered":"Qui\u00e9nes somos"},"content":{"rendered":"\t\t<div data-elementor-type=\"wp-post\" data-elementor-id=\"461\" class=\"elementor elementor-461\">\n\t\t\t\t\t\t<section class=\"elementor-section elementor-top-section elementor-element elementor-element-14a121f elementor-section-boxed elementor-section-height-default elementor-section-height-default\" data-id=\"14a121f\" data-element_type=\"section\" data-e-type=\"section\">\n\t\t\t\t\t\t<div class=\"elementor-container elementor-column-gap-default\">\n\t\t\t\t\t<div class=\"elementor-column elementor-col-100 elementor-top-column elementor-element elementor-element-3c73fe4\" data-id=\"3c73fe4\" data-element_type=\"column\" data-e-type=\"column\">\n\t\t\t<div class=\"elementor-widget-wrap elementor-element-populated\">\n\t\t\t\t\t\t<div class=\"elementor-element elementor-element-3f11cfa elementor-widget elementor-widget-heading\" data-id=\"3f11cfa\" data-element_type=\"widget\" data-e-type=\"widget\" data-widget_type=\"heading.default\">\n\t\t\t\t<div class=\"elementor-widget-container\">\n\t\t\t\t\t<h2 class=\"elementor-heading-title elementor-size-default\">\u00bfQui\u00e9nes somos?<\/h2>\t\t\t\t<\/div>\n\t\t\t\t<\/div>\n\t\t\t\t<section class=\"elementor-section elementor-inner-section elementor-element elementor-element-a99ce61 elementor-section-boxed elementor-section-height-default elementor-section-height-default\" data-id=\"a99ce61\" data-element_type=\"section\" data-e-type=\"section\">\n\t\t\t\t\t\t<div class=\"elementor-container elementor-column-gap-default\">\n\t\t\t\t\t<div class=\"elementor-column elementor-col-100 elementor-inner-column elementor-element elementor-element-5c5d9a6\" data-id=\"5c5d9a6\" data-element_type=\"column\" data-e-type=\"column\">\n\t\t\t<div class=\"elementor-widget-wrap elementor-element-populated\">\n\t\t\t\t\t\t<div class=\"elementor-element elementor-element-0f3f9f4 elementor-widget elementor-widget-text-editor\" data-id=\"0f3f9f4\" data-element_type=\"widget\" data-e-type=\"widget\" data-widget_type=\"text-editor.default\">\n\t\t\t\t<div class=\"elementor-widget-container\">\n\t\t\t\t\t\t\t\t\t<p><strong>Fabricantes de productos qu\u00edmicos de limpieza y de mantenimiento de maquinaria industrial (jabones de manos, desengrasantes, aceites, taladrinas, aerosoles, grasas, etc). Tambi\u00e9n distribuimos productos de papel y otras celulosas, materiales de embalaje habitual (film de paletizar, precintos, etc) y complementos de limpieza (como fregonas, cepillos, mopas, etc) para dar un servicio integral a las empresas, con el fin de que nuestros cliente puedan centralizar en una \u00fanica llamada o email todas sus necesidades.&nbsp;<\/strong><\/p><p><strong>Para nuestros clientes habituales disponemos de un servicio de b\u00fasqueda de productos o soluciones personalizadas en el caso de que necesiten algo que no est\u00e9 en nuestra gama de productos actual : \u00ablo que no tenemos, se lo buscamos\u00bb.<\/strong><\/p>\n<p><strong>HISTORIA Y UBICACI\u00d3N : Cedrus Chimia, S.L.<\/strong>&nbsp;es una empresa joven y din\u00e1mica, fabricantes desde la d\u00e9cada de los 70. Sus inicios se remontan a la calle Milagro de Barcelona, en dos ubicaciones, el n\u00famero y el n\u00famero . Debido a la expansi\u00f3n de la ciudad y a la necesidad de construir viviendas en dicha calle, hacia 1997 se constituye como sociedad limitada en la calle Marinada, 15 y Sant Gabriel, 96 de Esplugues de Llobregat (08950) y en 2023, de nuevo para dejar paso a la construcci\u00f3n de viviendas, debe dejar sus instalaciones de Esplugues para ubicarse en Sant Vicen\u00e7 dels Horts (08620) en la provincia de Barcelona.<\/p>\n<p>Ponemos a su disposici\u00f3n una amplia gama de art\u00edculos l\u00edderes en el sector, reflejo de una trayectoria basada en la innovaci\u00f3n cont\u00ednua y la m\u00e1s dilatada experiencia en el mundo del mantenimiento industrial y la higiene corporativa.<\/p>\t\t\t\t\t\t\t\t<\/div>\n\t\t\t\t<\/div>\n\t\t\t\t\t<\/div>\n\t\t<\/div>\n\t\t\t\t\t<\/div>\n\t\t<\/section>\n\t\t\t\t\t<\/div>\n\t\t<\/div>\n\t\t\t\t\t<\/div>\n\t\t<\/section>\n\t\t\t\t<section class=\"elementor-section elementor-top-section elementor-element elementor-element-1897eb3 elementor-section-boxed elementor-section-height-default elementor-section-height-default\" data-id=\"1897eb3\" data-element_type=\"section\" data-e-type=\"section\">\n\t\t\t\t\t\t<div class=\"elementor-container elementor-column-gap-default\">\n\t\t\t\t\t<div class=\"elementor-column elementor-col-100 elementor-top-column elementor-element elementor-element-c5c7fa3\" data-id=\"c5c7fa3\" data-element_type=\"column\" data-e-type=\"column\">\n\t\t\t<div class=\"elementor-widget-wrap elementor-element-populated\">\n\t\t\t\t\t\t<div class=\"elementor-element elementor-element-be1882a elementor-widget elementor-widget-text-editor\" data-id=\"be1882a\" data-element_type=\"widget\" data-e-type=\"widget\" data-widget_type=\"text-editor.default\">\n\t\t\t\t<div class=\"elementor-widget-container\">\n\t\t\t\t\t\t\t\t\t<p>Comprometidos con el\u00a0<strong>RESPETO DEL MEDIO AMBIENTE<\/strong>, formulamos nuestros productos con componentes que no sean perjudiciales a nuestro entorno. Igualmente, asesoramos a nuestros clientes sobre alternativas m\u00e1s adecuadas a los productos que utilizan para cumplir esa misma finalidad.<\/p><p>Siguiendo esa misma filosof\u00eda, utilizamos veh\u00edculos propulsados con\u00a0<strong>GAS GLP<\/strong> para minimizar la huella medioambiental\u00a0<strong>SIN ENCARECER EL PRODUCTO FINAL<\/strong>.<\/p>\t\t\t\t\t\t\t\t<\/div>\n\t\t\t\t<\/div>\n\t\t\t\t\t<\/div>\n\t\t<\/div>\n\t\t\t\t\t<\/div>\n\t\t<\/section>\n\t\t\t\t<section class=\"elementor-section elementor-top-section elementor-element elementor-element-5fd17d3 elementor-section-boxed elementor-section-height-default elementor-section-height-default\" data-id=\"5fd17d3\" data-element_type=\"section\" data-e-type=\"section\">\n\t\t\t\t\t\t<div class=\"elementor-container elementor-column-gap-default\">\n\t\t\t\t\t<div class=\"elementor-column elementor-col-100 elementor-top-column elementor-element elementor-element-c2b8f8c\" data-id=\"c2b8f8c\" data-element_type=\"column\" data-e-type=\"column\">\n\t\t\t<div class=\"elementor-widget-wrap elementor-element-populated\">\n\t\t\t\t\t\t<section class=\"elementor-section elementor-inner-section elementor-element elementor-element-32b5939 elementor-section-boxed elementor-section-height-default elementor-section-height-default\" data-id=\"32b5939\" data-element_type=\"section\" data-e-type=\"section\">\n\t\t\t\t\t\t<div class=\"elementor-container elementor-column-gap-default\">\n\t\t\t\t\t<div class=\"elementor-column elementor-col-50 elementor-inner-column elementor-element elementor-element-082c5c1\" data-id=\"082c5c1\" data-element_type=\"column\" data-e-type=\"column\">\n\t\t\t<div class=\"elementor-widget-wrap elementor-element-populated\">\n\t\t\t\t\t\t<div class=\"elementor-element elementor-element-652f73d elementor-widget elementor-widget-image\" data-id=\"652f73d\" data-element_type=\"widget\" data-e-type=\"widget\" data-widget_type=\"image.default\">\n\t\t\t\t<div class=\"elementor-widget-container\">\n\t\t\t\t\t\t\t\t\t\t\t\t\t\t\t<img decoding=\"async\" src=\"https:\/\/www.cedrusquimica.com\/actividades\/wp-content\/uploads\/elementor\/thumbs\/furgo-FIAT-DOBLO-22-1-r144jlrohnvdvoicbtyy0lvbrsgy6ozobs9c844yue.png\" title=\"furgo-FIAT-DOBLO-22\" alt=\"furgo-FIAT-DOBLO-22\" loading=\"lazy\" \/>\t\t\t\t\t\t\t\t\t\t\t\t\t\t\t<\/div>\n\t\t\t\t<\/div>\n\t\t\t\t\t<\/div>\n\t\t<\/div>\n\t\t\t\t<div class=\"elementor-column elementor-col-50 elementor-inner-column elementor-element elementor-element-9a47324\" data-id=\"9a47324\" data-element_type=\"column\" data-e-type=\"column\">\n\t\t\t<div class=\"elementor-widget-wrap elementor-element-populated\">\n\t\t\t\t\t\t<div class=\"elementor-element elementor-element-af77522 elementor-widget elementor-widget-image\" data-id=\"af77522\" data-element_type=\"widget\" data-e-type=\"widget\" data-widget_type=\"image.default\">\n\t\t\t\t<div class=\"elementor-widget-container\">\n\t\t\t\t\t\t\t\t\t\t\t\t\t\t\t<img fetchpriority=\"high\" decoding=\"async\" width=\"1024\" height=\"620\" src=\"https:\/\/www.cedrusquimica.com\/actividades\/wp-content\/uploads\/2018\/06\/furgoPEUGEOT-BOXER-1024x620.png\" class=\"attachment-large size-large wp-image-504\" alt=\"\" srcset=\"https:\/\/www.cedrusquimica.com\/actividades\/wp-content\/uploads\/2018\/06\/furgoPEUGEOT-BOXER-1024x620.png 1024w, https:\/\/www.cedrusquimica.com\/actividades\/wp-content\/uploads\/2018\/06\/furgoPEUGEOT-BOXER-300x182.png 300w, https:\/\/www.cedrusquimica.com\/actividades\/wp-content\/uploads\/2018\/06\/furgoPEUGEOT-BOXER-768x465.png 768w, https:\/\/www.cedrusquimica.com\/actividades\/wp-content\/uploads\/2018\/06\/furgoPEUGEOT-BOXER-600x364.png 600w, https:\/\/www.cedrusquimica.com\/actividades\/wp-content\/uploads\/2018\/06\/furgoPEUGEOT-BOXER.png 1200w\" sizes=\"(max-width: 1024px) 100vw, 1024px\" \/>\t\t\t\t\t\t\t\t\t\t\t\t\t\t\t<\/div>\n\t\t\t\t<\/div>\n\t\t\t\t\t<\/div>\n\t\t<\/div>\n\t\t\t\t\t<\/div>\n\t\t<\/section>\n\t\t\t\t<div class=\"elementor-element elementor-element-e867025 elementor-widget elementor-widget-heading\" data-id=\"e867025\" data-element_type=\"widget\" data-e-type=\"widget\" data-widget_type=\"heading.default\">\n\t\t\t\t<div class=\"elementor-widget-container\">\n\t\t\t\t\t<h2 class=\"elementor-heading-title elementor-size-default\">\u00bfPor qu\u00e9 elegirnos?<\/h2>\t\t\t\t<\/div>\n\t\t\t\t<\/div>\n\t\t\t\t<div class=\"elementor-element elementor-element-cdd42a0 elementor-widget elementor-widget-text-editor\" data-id=\"cdd42a0\" data-element_type=\"widget\" data-e-type=\"widget\" data-widget_type=\"text-editor.default\">\n\t\t\t\t<div class=\"elementor-widget-container\">\n\t\t\t\t\t\t\t\t\t<p>Nuestro compromiso con la calidad es la mejor garant\u00eda para el \u00e9xito de los m\u00e1s exigentes profesionales.<\/p><p><strong>OFRECEMOS LA MEJOR RELACI\u00d3N CALIDAD-PRECIO DEL MERCADO.<\/strong><br \/><br \/>El resultado de nuestros esfuerzos son los mejores art\u00edculos para el Mantenimiento Industrial y la Limpieza Profesional y del hogar, bajo nuestra acreditada marca<strong>\u00a0CECHIMIA.<\/strong>\u00a0<br \/><strong><br \/>MANTENEMOS UN CONTROL DE PRECIOS<\/strong>\u00a0y gestionamos futuras subidas de precios en las materias primas para que\u00a0<strong>EL CLIENTE NO SE VEA AFECTADO POR LAS HABITUALES OSCILACIONES DE PRECIOS<\/strong>\u00a0en origen.<\/p><p>Cada d\u00eda es mayor el n\u00famero de clientes satisfechos con nuestro producto, esperamos poder colaborar con usted en breve.<br \/><br \/>No dude en consultarnos sobre cualquier art\u00edculo que no aparezca en esta web.<\/p>\t\t\t\t\t\t\t\t<\/div>\n\t\t\t\t<\/div>\n\t\t\t\t<div class=\"elementor-element elementor-element-e41a41a elementor-icon-list--layout-traditional elementor-list-item-link-full_width elementor-widget elementor-widget-icon-list\" data-id=\"e41a41a\" data-element_type=\"widget\" data-e-type=\"widget\" data-widget_type=\"icon-list.default\">\n\t\t\t\t<div class=\"elementor-widget-container\">\n\t\t\t\t\t\t\t<ul class=\"elementor-icon-list-items\">\n\t\t\t\t\t\t\t<li class=\"elementor-icon-list-item\">\n\t\t\t\t\t\t\t\t\t\t\t<span class=\"elementor-icon-list-icon\">\n\t\t\t\t\t\t\t\t\t\t\t\t\t\t\t\t<i class=\"fa fa-check\" aria-hidden=\"true\"><\/i>\n\t\t\t\t\t\t\t\t\t\t\t\t\t<\/span>\n\t\t\t\t\t\t\t\t\t\t<span class=\"elementor-icon-list-text\">POR NUESTRA CALIDAD <\/span>\n\t\t\t\t\t\t\t\t\t<\/li>\n\t\t\t\t\t\t\t\t<li class=\"elementor-icon-list-item\">\n\t\t\t\t\t\t\t\t\t\t\t<span class=\"elementor-icon-list-icon\">\n\t\t\t\t\t\t\t\t\t\t\t\t\t\t\t\t<i class=\"fa fa-check\" aria-hidden=\"true\"><\/i>\n\t\t\t\t\t\t\t\t\t\t\t\t\t<\/span>\n\t\t\t\t\t\t\t\t\t\t<span class=\"elementor-icon-list-text\">POR NUESTRO COMPROMISO EN LA POL\u00cdTICA DE PRECIOS<\/span>\n\t\t\t\t\t\t\t\t\t<\/li>\n\t\t\t\t\t\t\t\t<li class=\"elementor-icon-list-item\">\n\t\t\t\t\t\t\t\t\t\t\t<span class=\"elementor-icon-list-icon\">\n\t\t\t\t\t\t\t\t\t\t\t\t\t\t\t\t<i class=\"fa fa-check\" aria-hidden=\"true\"><\/i>\n\t\t\t\t\t\t\t\t\t\t\t\t\t<\/span>\n\t\t\t\t\t\t\t\t\t\t<span class=\"elementor-icon-list-text\">POR NUESTRA DILATADA EXPERIENCIA EN EL MERCADO<\/span>\n\t\t\t\t\t\t\t\t\t<\/li>\n\t\t\t\t\t\t<\/ul>\n\t\t\t\t\t\t<\/div>\n\t\t\t\t<\/div>\n\t\t\t\t\t<\/div>\n\t\t<\/div>\n\t\t\t\t\t<\/div>\n\t\t<\/section>\n\t\t\t\t<\/div>\n\t\t","protected":false},"excerpt":{"rendered":"<p>\u00bfQui\u00e9nes somos? Fabricantes de productos qu\u00edmicos de limpieza y de mantenimiento de maquinaria industrial (jabones de manos, desengrasantes, aceites, taladrinas, aerosoles, grasas, etc). Tambi\u00e9n distribuimos productos de papel y otras celulosas, materiales de embalaje habitual (film de paletizar, precintos, etc) y complementos de limpieza (como fregonas, cepillos, mopas, etc) para dar un servicio integral a [&hellip;]<\/p>\n","protected":false},"author":2,"featured_media":0,"parent":0,"menu_order":1,"comment_status":"closed","ping_status":"closed","template":"","meta":{"ocean_post_layout":"","ocean_both_sidebars_style":"","ocean_both_sidebars_content_width":0,"ocean_both_sidebars_sidebars_width":0,"ocean_sidebar":"0","ocean_second_sidebar":"0","ocean_disable_margins":"enable","ocean_add_body_class":"","ocean_shortcode_before_top_bar":"","ocean_shortcode_after_top_bar":"","ocean_shortcode_before_header":"","ocean_shortcode_after_header":"","ocean_has_shortcode":"","ocean_shortcode_after_title":"","ocean_shortcode_before_footer_widgets":"","ocean_shortcode_after_footer_widgets":"","ocean_shortcode_before_footer_bottom":"","ocean_shortcode_after_footer_bottom":"","ocean_display_top_bar":"default","ocean_display_header":"default","ocean_header_style":"","ocean_center_header_left_menu":"0","ocean_custom_header_template":"0","ocean_custom_logo":0,"ocean_custom_retina_logo":0,"ocean_custom_logo_max_width":0,"ocean_custom_logo_tablet_max_width":0,"ocean_custom_logo_mobile_max_width":0,"ocean_custom_logo_max_height":0,"ocean_custom_logo_tablet_max_height":0,"ocean_custom_logo_mobile_max_height":0,"ocean_header_custom_menu":"0","ocean_menu_typo_font_family":"0","ocean_menu_typo_font_subset":"","ocean_menu_typo_font_size":0,"ocean_menu_typo_font_size_tablet":0,"ocean_menu_typo_font_size_mobile":0,"ocean_menu_typo_font_size_unit":"px","ocean_menu_typo_font_weight":"","ocean_menu_typo_font_weight_tablet":"","ocean_menu_typo_font_weight_mobile":"","ocean_menu_typo_transform":"","ocean_menu_typo_transform_tablet":"","ocean_menu_typo_transform_mobile":"","ocean_menu_typo_line_height":0,"ocean_menu_typo_line_height_tablet":0,"ocean_menu_typo_line_height_mobile":0,"ocean_menu_typo_line_height_unit":"","ocean_menu_typo_spacing":0,"ocean_menu_typo_spacing_tablet":0,"ocean_menu_typo_spacing_mobile":0,"ocean_menu_typo_spacing_unit":"","ocean_menu_link_color":"","ocean_menu_link_color_hover":"","ocean_menu_link_color_active":"","ocean_menu_link_background":"","ocean_menu_link_hover_background":"","ocean_menu_link_active_background":"","ocean_menu_social_links_bg":"","ocean_menu_social_hover_links_bg":"","ocean_menu_social_links_color":"","ocean_menu_social_hover_links_color":"","ocean_disable_title":"on","ocean_disable_heading":"default","ocean_post_title":"","ocean_post_subheading":"","ocean_post_title_style":"","ocean_post_title_background_color":"","ocean_post_title_background":0,"ocean_post_title_bg_image_position":"","ocean_post_title_bg_image_attachment":"","ocean_post_title_bg_image_repeat":"","ocean_post_title_bg_image_size":"","ocean_post_title_height":0,"ocean_post_title_bg_overlay":0.5,"ocean_post_title_bg_overlay_color":"","ocean_disable_breadcrumbs":"default","ocean_breadcrumbs_color":"","ocean_breadcrumbs_separator_color":"","ocean_breadcrumbs_links_color":"","ocean_breadcrumbs_links_hover_color":"","ocean_display_footer_widgets":"default","ocean_display_footer_bottom":"default","ocean_custom_footer_template":"0","footnotes":""},"class_list":["post-461","page","type-page","status-publish","hentry","entry"],"yoast_head":"<!-- This site is optimized with the Yoast SEO plugin v27.4 - https:\/\/yoast.com\/product\/yoast-seo-wordpress\/ -->\n<title>Qui\u00e9nes somos - Cedrus Qu\u00edmica<\/title>\n<meta name=\"robots\" content=\"index, follow, max-snippet:-1, max-image-preview:large, max-video-preview:-1\" \/>\n<link rel=\"canonical\" href=\"https:\/\/www.cedrusquimica.com\/actividades\/quienes-somos\/\" \/>\n<meta property=\"og:locale\" content=\"es_ES\" \/>\n<meta property=\"og:type\" content=\"article\" \/>\n<meta property=\"og:title\" content=\"Qui\u00e9nes somos - Cedrus Qu\u00edmica\" \/>\n<meta property=\"og:description\" content=\"\u00bfQui\u00e9nes somos? Fabricantes de productos qu\u00edmicos de limpieza y de mantenimiento de maquinaria industrial (jabones de manos, desengrasantes, aceites, taladrinas, aerosoles, grasas, etc). Tambi\u00e9n distribuimos productos de papel y otras celulosas, materiales de embalaje habitual (film de paletizar, precintos, etc) y complementos de limpieza (como fregonas, cepillos, mopas, etc) para dar un servicio integral a [&hellip;]\" \/>\n<meta property=\"og:url\" content=\"https:\/\/www.cedrusquimica.com\/actividades\/quienes-somos\/\" \/>\n<meta property=\"og:site_name\" content=\"Cedrus Qu\u00edmica\" \/>\n<meta property=\"article:modified_time\" content=\"2025-03-24T11:06:17+00:00\" \/>\n<meta property=\"og:image\" content=\"https:\/\/www.cedrusquimica.com\/actividades\/wp-content\/uploads\/elementor\/thumbs\/furgo-FIAT-DOBLO-22-1-r144jlrohnvdvoicbtyy0lvbrsgy6ozobs9butgav4.png\" \/>\n<meta name=\"twitter:card\" content=\"summary_large_image\" \/>\n<meta name=\"twitter:label1\" content=\"Tiempo de lectura\" \/>\n\t<meta name=\"twitter:data1\" content=\"3 minutos\" \/>\n<script type=\"application\/ld+json\" class=\"yoast-schema-graph\">{\"@context\":\"https:\\\/\\\/schema.org\",\"@graph\":[{\"@type\":\"WebPage\",\"@id\":\"https:\\\/\\\/www.cedrusquimica.com\\\/actividades\\\/quienes-somos\\\/\",\"url\":\"https:\\\/\\\/www.cedrusquimica.com\\\/actividades\\\/quienes-somos\\\/\",\"name\":\"Qui\u00e9nes somos - Cedrus Qu\u00edmica\",\"isPartOf\":{\"@id\":\"https:\\\/\\\/www.cedrusquimica.com\\\/actividades\\\/#website\"},\"primaryImageOfPage\":{\"@id\":\"https:\\\/\\\/www.cedrusquimica.com\\\/actividades\\\/quienes-somos\\\/#primaryimage\"},\"image\":{\"@id\":\"https:\\\/\\\/www.cedrusquimica.com\\\/actividades\\\/quienes-somos\\\/#primaryimage\"},\"thumbnailUrl\":\"https:\\\/\\\/www.cedrusquimica.com\\\/actividades\\\/wp-content\\\/uploads\\\/elementor\\\/thumbs\\\/furgo-FIAT-DOBLO-22-1-r144jlrohnvdvoicbtyy0lvbrsgy6ozobs9butgav4.png\",\"datePublished\":\"2018-06-06T13:26:09+00:00\",\"dateModified\":\"2025-03-24T11:06:17+00:00\",\"breadcrumb\":{\"@id\":\"https:\\\/\\\/www.cedrusquimica.com\\\/actividades\\\/quienes-somos\\\/#breadcrumb\"},\"inLanguage\":\"es\",\"potentialAction\":[{\"@type\":\"ReadAction\",\"target\":[\"https:\\\/\\\/www.cedrusquimica.com\\\/actividades\\\/quienes-somos\\\/\"]}]},{\"@type\":\"ImageObject\",\"inLanguage\":\"es\",\"@id\":\"https:\\\/\\\/www.cedrusquimica.com\\\/actividades\\\/quienes-somos\\\/#primaryimage\",\"url\":\"https:\\\/\\\/www.cedrusquimica.com\\\/actividades\\\/wp-content\\\/uploads\\\/elementor\\\/thumbs\\\/furgo-FIAT-DOBLO-22-1-r144jlrohnvdvoicbtyy0lvbrsgy6ozobs9butgav4.png\",\"contentUrl\":\"https:\\\/\\\/www.cedrusquimica.com\\\/actividades\\\/wp-content\\\/uploads\\\/elementor\\\/thumbs\\\/furgo-FIAT-DOBLO-22-1-r144jlrohnvdvoicbtyy0lvbrsgy6ozobs9butgav4.png\"},{\"@type\":\"BreadcrumbList\",\"@id\":\"https:\\\/\\\/www.cedrusquimica.com\\\/actividades\\\/quienes-somos\\\/#breadcrumb\",\"itemListElement\":[{\"@type\":\"ListItem\",\"position\":1,\"name\":\"Portada\",\"item\":\"https:\\\/\\\/www.cedrusquimica.com\\\/actividades\\\/\"},{\"@type\":\"ListItem\",\"position\":2,\"name\":\"Qui\u00e9nes somos\"}]},{\"@type\":\"WebSite\",\"@id\":\"https:\\\/\\\/www.cedrusquimica.com\\\/actividades\\\/#website\",\"url\":\"https:\\\/\\\/www.cedrusquimica.com\\\/actividades\\\/\",\"name\":\"Cedrus Qu\u00edmica\",\"description\":\"Fabricaci\u00f3n y venta de productos quimicos\",\"publisher\":{\"@id\":\"https:\\\/\\\/www.cedrusquimica.com\\\/actividades\\\/#organization\"},\"potentialAction\":[{\"@type\":\"SearchAction\",\"target\":{\"@type\":\"EntryPoint\",\"urlTemplate\":\"https:\\\/\\\/www.cedrusquimica.com\\\/actividades\\\/?s={search_term_string}\"},\"query-input\":{\"@type\":\"PropertyValueSpecification\",\"valueRequired\":true,\"valueName\":\"search_term_string\"}}],\"inLanguage\":\"es\"},{\"@type\":\"Organization\",\"@id\":\"https:\\\/\\\/www.cedrusquimica.com\\\/actividades\\\/#organization\",\"name\":\"Cedrus Qu\u00edmica\",\"url\":\"https:\\\/\\\/www.cedrusquimica.com\\\/actividades\\\/\",\"logo\":{\"@type\":\"ImageObject\",\"inLanguage\":\"es\",\"@id\":\"https:\\\/\\\/www.cedrusquimica.com\\\/actividades\\\/#\\\/schema\\\/logo\\\/image\\\/\",\"url\":\"https:\\\/\\\/www.cedrusquimica.com\\\/actividades\\\/wp-content\\\/uploads\\\/2018\\\/04\\\/logo-1.png\",\"contentUrl\":\"https:\\\/\\\/www.cedrusquimica.com\\\/actividades\\\/wp-content\\\/uploads\\\/2018\\\/04\\\/logo-1.png\",\"width\":200,\"height\":200,\"caption\":\"Cedrus Qu\u00edmica\"},\"image\":{\"@id\":\"https:\\\/\\\/www.cedrusquimica.com\\\/actividades\\\/#\\\/schema\\\/logo\\\/image\\\/\"}}]}<\/script>\n<!-- \/ Yoast SEO plugin. -->","yoast_head_json":{"title":"Qui\u00e9nes somos - Cedrus Qu\u00edmica","robots":{"index":"index","follow":"follow","max-snippet":"max-snippet:-1","max-image-preview":"max-image-preview:large","max-video-preview":"max-video-preview:-1"},"canonical":"https:\/\/www.cedrusquimica.com\/actividades\/quienes-somos\/","og_locale":"es_ES","og_type":"article","og_title":"Qui\u00e9nes somos - Cedrus Qu\u00edmica","og_description":"\u00bfQui\u00e9nes somos? Fabricantes de productos qu\u00edmicos de limpieza y de mantenimiento de maquinaria industrial (jabones de manos, desengrasantes, aceites, taladrinas, aerosoles, grasas, etc). Tambi\u00e9n distribuimos productos de papel y otras celulosas, materiales de embalaje habitual (film de paletizar, precintos, etc) y complementos de limpieza (como fregonas, cepillos, mopas, etc) para dar un servicio integral a [&hellip;]","og_url":"https:\/\/www.cedrusquimica.com\/actividades\/quienes-somos\/","og_site_name":"Cedrus Qu\u00edmica","article_modified_time":"2025-03-24T11:06:17+00:00","og_image":[{"url":"https:\/\/www.cedrusquimica.com\/actividades\/wp-content\/uploads\/elementor\/thumbs\/furgo-FIAT-DOBLO-22-1-r144jlrohnvdvoicbtyy0lvbrsgy6ozobs9butgav4.png","type":"","width":"","height":""}],"twitter_card":"summary_large_image","twitter_misc":{"Tiempo de lectura":"3 minutos"},"schema":{"@context":"https:\/\/schema.org","@graph":[{"@type":"WebPage","@id":"https:\/\/www.cedrusquimica.com\/actividades\/quienes-somos\/","url":"https:\/\/www.cedrusquimica.com\/actividades\/quienes-somos\/","name":"Qui\u00e9nes somos - Cedrus Qu\u00edmica","isPartOf":{"@id":"https:\/\/www.cedrusquimica.com\/actividades\/#website"},"primaryImageOfPage":{"@id":"https:\/\/www.cedrusquimica.com\/actividades\/quienes-somos\/#primaryimage"},"image":{"@id":"https:\/\/www.cedrusquimica.com\/actividades\/quienes-somos\/#primaryimage"},"thumbnailUrl":"https:\/\/www.cedrusquimica.com\/actividades\/wp-content\/uploads\/elementor\/thumbs\/furgo-FIAT-DOBLO-22-1-r144jlrohnvdvoicbtyy0lvbrsgy6ozobs9butgav4.png","datePublished":"2018-06-06T13:26:09+00:00","dateModified":"2025-03-24T11:06:17+00:00","breadcrumb":{"@id":"https:\/\/www.cedrusquimica.com\/actividades\/quienes-somos\/#breadcrumb"},"inLanguage":"es","potentialAction":[{"@type":"ReadAction","target":["https:\/\/www.cedrusquimica.com\/actividades\/quienes-somos\/"]}]},{"@type":"ImageObject","inLanguage":"es","@id":"https:\/\/www.cedrusquimica.com\/actividades\/quienes-somos\/#primaryimage","url":"https:\/\/www.cedrusquimica.com\/actividades\/wp-content\/uploads\/elementor\/thumbs\/furgo-FIAT-DOBLO-22-1-r144jlrohnvdvoicbtyy0lvbrsgy6ozobs9butgav4.png","contentUrl":"https:\/\/www.cedrusquimica.com\/actividades\/wp-content\/uploads\/elementor\/thumbs\/furgo-FIAT-DOBLO-22-1-r144jlrohnvdvoicbtyy0lvbrsgy6ozobs9butgav4.png"},{"@type":"BreadcrumbList","@id":"https:\/\/www.cedrusquimica.com\/actividades\/quienes-somos\/#breadcrumb","itemListElement":[{"@type":"ListItem","position":1,"name":"Portada","item":"https:\/\/www.cedrusquimica.com\/actividades\/"},{"@type":"ListItem","position":2,"name":"Qui\u00e9nes somos"}]},{"@type":"WebSite","@id":"https:\/\/www.cedrusquimica.com\/actividades\/#website","url":"https:\/\/www.cedrusquimica.com\/actividades\/","name":"Cedrus Qu\u00edmica","description":"Fabricaci\u00f3n y venta de productos quimicos","publisher":{"@id":"https:\/\/www.cedrusquimica.com\/actividades\/#organization"},"potentialAction":[{"@type":"SearchAction","target":{"@type":"EntryPoint","urlTemplate":"https:\/\/www.cedrusquimica.com\/actividades\/?s={search_term_string}"},"query-input":{"@type":"PropertyValueSpecification","valueRequired":true,"valueName":"search_term_string"}}],"inLanguage":"es"},{"@type":"Organization","@id":"https:\/\/www.cedrusquimica.com\/actividades\/#organization","name":"Cedrus Qu\u00edmica","url":"https:\/\/www.cedrusquimica.com\/actividades\/","logo":{"@type":"ImageObject","inLanguage":"es","@id":"https:\/\/www.cedrusquimica.com\/actividades\/#\/schema\/logo\/image\/","url":"https:\/\/www.cedrusquimica.com\/actividades\/wp-content\/uploads\/2018\/04\/logo-1.png","contentUrl":"https:\/\/www.cedrusquimica.com\/actividades\/wp-content\/uploads\/2018\/04\/logo-1.png","width":200,"height":200,"caption":"Cedrus Qu\u00edmica"},"image":{"@id":"https:\/\/www.cedrusquimica.com\/actividades\/#\/schema\/logo\/image\/"}}]}},"_links":{"self":[{"href":"https:\/\/www.cedrusquimica.com\/actividades\/wp-json\/wp\/v2\/pages\/461","targetHints":{"allow":["GET"]}}],"collection":[{"href":"https:\/\/www.cedrusquimica.com\/actividades\/wp-json\/wp\/v2\/pages"}],"about":[{"href":"https:\/\/www.cedrusquimica.com\/actividades\/wp-json\/wp\/v2\/types\/page"}],"author":[{"embeddable":true,"href":"https:\/\/www.cedrusquimica.com\/actividades\/wp-json\/wp\/v2\/users\/2"}],"replies":[{"embeddable":true,"href":"https:\/\/www.cedrusquimica.com\/actividades\/wp-json\/wp\/v2\/comments?post=461"}],"version-history":[{"count":28,"href":"https:\/\/www.cedrusquimica.com\/actividades\/wp-json\/wp\/v2\/pages\/461\/revisions"}],"predecessor-version":[{"id":4781,"href":"https:\/\/www.cedrusquimica.com\/actividades\/wp-json\/wp\/v2\/pages\/461\/revisions\/4781"}],"wp:attachment":[{"href":"https:\/\/www.cedrusquimica.com\/actividades\/wp-json\/wp\/v2\/media?parent=461"}],"curies":[{"name":"wp","href":"https:\/\/api.w.org\/{rel}","templated":true}]}}