{"id":812,"date":"2018-09-26T12:35:41","date_gmt":"2018-09-26T12:35:41","guid":{"rendered":"http:\/\/www.cedrusquimica.com\/actividades\/?page_id=812"},"modified":"2018-10-22T17:45:22","modified_gmt":"2018-10-22T17:45:22","slug":"recambio-de-toallas","status":"publish","type":"page","link":"https:\/\/www.cedrusquimica.com\/actividades\/por-sectores\/servicios-de-gestion-y-otros\/recambio-de-toallas\/","title":{"rendered":"Recambio de Toallas"},"content":{"rendered":"\t\t<div data-elementor-type=\"wp-post\" data-elementor-id=\"812\" class=\"elementor elementor-812 elementor-bc-flex-widget\">\n\t\t\t\t\t\t<section class=\"elementor-section elementor-top-section elementor-element elementor-element-38022b0 elementor-section-boxed elementor-section-height-default elementor-section-height-default\" data-id=\"38022b0\" data-element_type=\"section\" data-e-type=\"section\">\n\t\t\t\t\t\t<div class=\"elementor-container elementor-column-gap-default\">\n\t\t\t\t\t<div class=\"elementor-column elementor-col-100 elementor-top-column elementor-element elementor-element-56b31ab\" data-id=\"56b31ab\" data-element_type=\"column\" data-e-type=\"column\">\n\t\t\t<div class=\"elementor-widget-wrap elementor-element-populated\">\n\t\t\t\t\t\t<div class=\"elementor-element elementor-element-e2d5e08 elementor-widget elementor-widget-media-carousel\" data-id=\"e2d5e08\" data-element_type=\"widget\" data-e-type=\"widget\" data-widget_type=\"media-carousel.default\">\n\t\t\t\t<div class=\"elementor-widget-container\">\n\t\t\t\t\t \t\t\t\t<\/div>\n\t\t\t\t<\/div>\n\t\t\t\t\t<\/div>\n\t\t<\/div>\n\t\t\t\t\t<\/div>\n\t\t<\/section>\n\t\t\t\t<section class=\"elementor-section elementor-top-section elementor-element elementor-element-01129ab elementor-section-boxed elementor-section-height-default elementor-section-height-default\" data-id=\"01129ab\" data-element_type=\"section\" data-e-type=\"section\">\n\t\t\t\t\t\t<div class=\"elementor-container elementor-column-gap-default\">\n\t\t\t\t\t<div class=\"elementor-column elementor-col-100 elementor-top-column elementor-element elementor-element-8013d6c\" data-id=\"8013d6c\" data-element_type=\"column\" data-e-type=\"column\">\n\t\t\t<div class=\"elementor-widget-wrap elementor-element-populated\">\n\t\t\t\t\t\t<div class=\"elementor-element elementor-element-be25278 elementor-widget elementor-widget-text-editor\" data-id=\"be25278\" data-element_type=\"widget\" data-e-type=\"widget\" data-widget_type=\"text-editor.default\">\n\t\t\t\t<div class=\"elementor-widget-container\">\n\t\t\t\t\t\t\t\t\t<p>Servicio de cambio y limpieza de toallas en rollo<\/p>\t\t\t\t\t\t\t\t<\/div>\n\t\t\t\t<\/div>\n\t\t\t\t\t<\/div>\n\t\t<\/div>\n\t\t\t\t\t<\/div>\n\t\t<\/section>\n\t\t\t\t<section class=\"elementor-section elementor-top-section elementor-element elementor-element-d66a7c7 elementor-section-boxed elementor-section-height-default elementor-section-height-default\" data-id=\"d66a7c7\" data-element_type=\"section\" data-e-type=\"section\">\n\t\t\t\t\t\t<div class=\"elementor-container elementor-column-gap-default\">\n\t\t\t\t\t<div class=\"elementor-column elementor-col-100 elementor-top-column elementor-element elementor-element-e48963d\" data-id=\"e48963d\" data-element_type=\"column\" data-e-type=\"column\">\n\t\t\t<div class=\"elementor-widget-wrap elementor-element-populated\">\n\t\t\t\t\t\t<div class=\"elementor-element elementor-element-a931e83 elementor-widget elementor-widget-text-editor\" data-id=\"a931e83\" data-element_type=\"widget\" data-e-type=\"widget\" data-widget_type=\"text-editor.default\">\n\t\t\t\t<div class=\"elementor-widget-container\">\n\t\t\t\t\t\t\t\t\t<p>El secamanos de algod\u00f3n es la soluci\u00f3n id\u00f3nea para secarse las manos<\/p>\t\t\t\t\t\t\t\t<\/div>\n\t\t\t\t<\/div>\n\t\t\t\t\t<\/div>\n\t\t<\/div>\n\t\t\t\t\t<\/div>\n\t\t<\/section>\n\t\t\t\t<section class=\"elementor-section elementor-top-section elementor-element elementor-element-6a8bab3 elementor-section-boxed elementor-section-height-default elementor-section-height-default\" data-id=\"6a8bab3\" data-element_type=\"section\" data-e-type=\"section\">\n\t\t\t\t\t\t<div class=\"elementor-container elementor-column-gap-default\">\n\t\t\t\t\t<div class=\"elementor-column elementor-col-100 elementor-top-column elementor-element elementor-element-7f28002\" data-id=\"7f28002\" data-element_type=\"column\" data-e-type=\"column\">\n\t\t\t<div class=\"elementor-widget-wrap elementor-element-populated\">\n\t\t\t\t\t\t<section class=\"elementor-section elementor-inner-section elementor-element elementor-element-23ecf1e elementor-section-boxed elementor-section-height-default elementor-section-height-default\" data-id=\"23ecf1e\" data-element_type=\"section\" data-e-type=\"section\">\n\t\t\t\t\t\t<div class=\"elementor-container elementor-column-gap-default\">\n\t\t\t\t\t<div class=\"elementor-column elementor-col-50 elementor-inner-column elementor-element elementor-element-290ea78\" data-id=\"290ea78\" data-element_type=\"column\" data-e-type=\"column\">\n\t\t\t<div class=\"elementor-widget-wrap elementor-element-populated\">\n\t\t\t\t\t\t<div class=\"elementor-element elementor-element-9a242b7 elementor-widget elementor-widget-image\" data-id=\"9a242b7\" data-element_type=\"widget\" data-e-type=\"widget\" data-widget_type=\"image.default\">\n\t\t\t\t<div class=\"elementor-widget-container\">\n\t\t\t\t\t\t\t\t\t\t\t\t\t\t\t<img fetchpriority=\"high\" decoding=\"async\" width=\"300\" height=\"273\" src=\"https:\/\/www.cedrusquimica.com\/actividades\/wp-content\/uploads\/2018\/09\/SECAMANOS-05-300x273.jpg\" class=\"attachment-medium size-medium wp-image-889\" alt=\"\" srcset=\"https:\/\/www.cedrusquimica.com\/actividades\/wp-content\/uploads\/2018\/09\/SECAMANOS-05-300x273.jpg 300w, https:\/\/www.cedrusquimica.com\/actividades\/wp-content\/uploads\/2018\/09\/SECAMANOS-05.jpg 600w\" sizes=\"(max-width: 300px) 100vw, 300px\" \/>\t\t\t\t\t\t\t\t\t\t\t\t\t\t\t<\/div>\n\t\t\t\t<\/div>\n\t\t\t\t\t<\/div>\n\t\t<\/div>\n\t\t\t\t<div class=\"elementor-column elementor-col-50 elementor-inner-column elementor-element elementor-element-8352e4d\" data-id=\"8352e4d\" data-element_type=\"column\" data-e-type=\"column\">\n\t\t\t<div class=\"elementor-widget-wrap elementor-element-populated\">\n\t\t\t\t\t\t<div class=\"elementor-element elementor-element-23df213 elementor-widget elementor-widget-text-editor\" data-id=\"23df213\" data-element_type=\"widget\" data-e-type=\"widget\" data-widget_type=\"text-editor.default\">\n\t\t\t\t<div class=\"elementor-widget-container\">\n\t\t\t\t\t\t\t\t\t<p>Las manos no quedan higi\u00e9nicamente limpias sin un secado eficaz. Tras un minucioso lavado, adem\u00e1s de respetar la piel, el secamanos textil contribuye a eliminar la suciedad residual gracias a su tejido Hacaback.<\/p><div>Con el secamanos de algod\u00f3n, ofrecer\u00e1 a sus clientes y empleados un secado de manos suave y \u00fanico, gracias al poder absorbente de sus fibras de algod\u00f3n 100%.<\/div>\t\t\t\t\t\t\t\t<\/div>\n\t\t\t\t<\/div>\n\t\t\t\t\t<\/div>\n\t\t<\/div>\n\t\t\t\t\t<\/div>\n\t\t<\/section>\n\t\t\t\t\t<\/div>\n\t\t<\/div>\n\t\t\t\t\t<\/div>\n\t\t<\/section>\n\t\t\t\t<section class=\"elementor-section elementor-top-section elementor-element elementor-element-28fb867 elementor-section-boxed elementor-section-height-default elementor-section-height-default\" data-id=\"28fb867\" data-element_type=\"section\" data-e-type=\"section\">\n\t\t\t\t\t\t<div class=\"elementor-container elementor-column-gap-default\">\n\t\t\t\t\t<div class=\"elementor-column elementor-col-100 elementor-top-column elementor-element elementor-element-d0498a2\" data-id=\"d0498a2\" data-element_type=\"column\" data-e-type=\"column\">\n\t\t\t<div class=\"elementor-widget-wrap elementor-element-populated\">\n\t\t\t\t\t\t<section class=\"elementor-section elementor-inner-section elementor-element elementor-element-550d0c5 elementor-section-boxed elementor-section-height-default elementor-section-height-default\" data-id=\"550d0c5\" data-element_type=\"section\" data-e-type=\"section\">\n\t\t\t\t\t\t<div class=\"elementor-container elementor-column-gap-default\">\n\t\t\t\t\t<div class=\"elementor-column elementor-col-50 elementor-inner-column elementor-element elementor-element-94d5a30\" data-id=\"94d5a30\" data-element_type=\"column\" data-e-type=\"column\">\n\t\t\t<div class=\"elementor-widget-wrap elementor-element-populated\">\n\t\t\t\t\t\t<div class=\"elementor-element elementor-element-8120384 elementor-widget elementor-widget-image\" data-id=\"8120384\" data-element_type=\"widget\" data-e-type=\"widget\" data-widget_type=\"image.default\">\n\t\t\t\t<div class=\"elementor-widget-container\">\n\t\t\t\t\t\t\t\t\t\t\t\t\t\t\t<img decoding=\"async\" width=\"290\" height=\"290\" src=\"https:\/\/www.cedrusquimica.com\/actividades\/wp-content\/uploads\/2018\/09\/SECAMANOS-01.jpg\" class=\"attachment-large size-large wp-image-884\" alt=\"\" srcset=\"https:\/\/www.cedrusquimica.com\/actividades\/wp-content\/uploads\/2018\/09\/SECAMANOS-01.jpg 290w, https:\/\/www.cedrusquimica.com\/actividades\/wp-content\/uploads\/2018\/09\/SECAMANOS-01-150x150.jpg 150w, https:\/\/www.cedrusquimica.com\/actividades\/wp-content\/uploads\/2018\/09\/SECAMANOS-01-100x100.jpg 100w\" sizes=\"(max-width: 290px) 100vw, 290px\" \/>\t\t\t\t\t\t\t\t\t\t\t\t\t\t\t<\/div>\n\t\t\t\t<\/div>\n\t\t\t\t\t<\/div>\n\t\t<\/div>\n\t\t\t\t<div class=\"elementor-column elementor-col-50 elementor-inner-column elementor-element elementor-element-40547ed\" data-id=\"40547ed\" data-element_type=\"column\" data-e-type=\"column\">\n\t\t\t<div class=\"elementor-widget-wrap elementor-element-populated\">\n\t\t\t\t\t\t<div class=\"elementor-element elementor-element-74907b0 elementor-widget elementor-widget-text-editor\" data-id=\"74907b0\" data-element_type=\"widget\" data-e-type=\"widget\" data-widget_type=\"text-editor.default\">\n\t\t\t\t<div class=\"elementor-widget-container\">\n\t\t\t\t\t\t\t\t\t<p>Secamanos de algod\u00f3n retr\u00e1ctil<\/p>\t\t\t\t\t\t\t\t<\/div>\n\t\t\t\t<\/div>\n\t\t\t\t<div class=\"elementor-element elementor-element-090a9a2 elementor-widget elementor-widget-text-editor\" data-id=\"090a9a2\" data-element_type=\"widget\" data-e-type=\"widget\" data-widget_type=\"text-editor.default\">\n\t\t\t\t<div class=\"elementor-widget-container\">\n\t\t\t\t\t\t\t\t\t<p>Un secamanos textil con una m\u00e1xima higiene, por su bobina de un solo uso, que adem\u00e1s no cuelga.<\/p><p><strong>Especificaciones t\u00e9cnicas:<\/strong> <br \/>Sistema mec\u00e1nico retr\u00e1ctil.<br \/>Disponible en varios colores y acabados.<br \/>Metal y ABS reciclado.<br \/>Cierre con llave.<\/p>\t\t\t\t\t\t\t\t<\/div>\n\t\t\t\t<\/div>\n\t\t\t\t\t<\/div>\n\t\t<\/div>\n\t\t\t\t\t<\/div>\n\t\t<\/section>\n\t\t\t\t\t<\/div>\n\t\t<\/div>\n\t\t\t\t\t<\/div>\n\t\t<\/section>\n\t\t\t\t<\/div>\n\t\t","protected":false},"excerpt":{"rendered":"<p>Servicio de cambio y limpieza de toallas en rollo El secamanos de algod\u00f3n es la soluci\u00f3n id\u00f3nea para secarse las manos Las manos no quedan higi\u00e9nicamente limpias sin un secado eficaz. Tras un minucioso lavado, adem\u00e1s de respetar la piel, el secamanos textil contribuye a eliminar la suciedad residual gracias a su tejido Hacaback. Con [&hellip;]<\/p>\n","protected":false},"author":6,"featured_media":0,"parent":2694,"menu_order":2,"comment_status":"closed","ping_status":"closed","template":"","meta":{"ocean_post_layout":"","ocean_both_sidebars_style":"","ocean_both_sidebars_content_width":0,"ocean_both_sidebars_sidebars_width":0,"ocean_sidebar":"0","ocean_second_sidebar":"0","ocean_disable_margins":"enable","ocean_add_body_class":"","ocean_shortcode_before_top_bar":"","ocean_shortcode_after_top_bar":"","ocean_shortcode_before_header":"","ocean_shortcode_after_header":"","ocean_has_shortcode":"","ocean_shortcode_after_title":"","ocean_shortcode_before_footer_widgets":"","ocean_shortcode_after_footer_widgets":"","ocean_shortcode_before_footer_bottom":"","ocean_shortcode_after_footer_bottom":"","ocean_display_top_bar":"default","ocean_display_header":"default","ocean_header_style":"","ocean_center_header_left_menu":"0","ocean_custom_header_template":"0","ocean_custom_logo":0,"ocean_custom_retina_logo":0,"ocean_custom_logo_max_width":0,"ocean_custom_logo_tablet_max_width":0,"ocean_custom_logo_mobile_max_width":0,"ocean_custom_logo_max_height":0,"ocean_custom_logo_tablet_max_height":0,"ocean_custom_logo_mobile_max_height":0,"ocean_header_custom_menu":"0","ocean_menu_typo_font_family":"0","ocean_menu_typo_font_subset":"","ocean_menu_typo_font_size":0,"ocean_menu_typo_font_size_tablet":0,"ocean_menu_typo_font_size_mobile":0,"ocean_menu_typo_font_size_unit":"px","ocean_menu_typo_font_weight":"","ocean_menu_typo_font_weight_tablet":"","ocean_menu_typo_font_weight_mobile":"","ocean_menu_typo_transform":"","ocean_menu_typo_transform_tablet":"","ocean_menu_typo_transform_mobile":"","ocean_menu_typo_line_height":0,"ocean_menu_typo_line_height_tablet":0,"ocean_menu_typo_line_height_mobile":0,"ocean_menu_typo_line_height_unit":"","ocean_menu_typo_spacing":0,"ocean_menu_typo_spacing_tablet":0,"ocean_menu_typo_spacing_mobile":0,"ocean_menu_typo_spacing_unit":"","ocean_menu_link_color":"","ocean_menu_link_color_hover":"","ocean_menu_link_color_active":"","ocean_menu_link_background":"","ocean_menu_link_hover_background":"","ocean_menu_link_active_background":"","ocean_menu_social_links_bg":"","ocean_menu_social_hover_links_bg":"","ocean_menu_social_links_color":"","ocean_menu_social_hover_links_color":"","ocean_disable_title":"default","ocean_disable_heading":"default","ocean_post_title":"","ocean_post_subheading":"","ocean_post_title_style":"","ocean_post_title_background_color":"","ocean_post_title_background":0,"ocean_post_title_bg_image_position":"","ocean_post_title_bg_image_attachment":"","ocean_post_title_bg_image_repeat":"","ocean_post_title_bg_image_size":"","ocean_post_title_height":0,"ocean_post_title_bg_overlay":0.5,"ocean_post_title_bg_overlay_color":"","ocean_disable_breadcrumbs":"default","ocean_breadcrumbs_color":"","ocean_breadcrumbs_separator_color":"","ocean_breadcrumbs_links_color":"","ocean_breadcrumbs_links_hover_color":"","ocean_display_footer_widgets":"default","ocean_display_footer_bottom":"default","ocean_custom_footer_template":"0","footnotes":""},"class_list":["post-812","page","type-page","status-publish","hentry","entry"],"yoast_head":"<!-- This site is optimized with the Yoast SEO plugin v27.4 - https:\/\/yoast.com\/product\/yoast-seo-wordpress\/ -->\n<title>Recambio de Toallas - Cedrus Qu\u00edmica<\/title>\n<meta name=\"robots\" content=\"index, follow, max-snippet:-1, max-image-preview:large, max-video-preview:-1\" \/>\n<link rel=\"canonical\" href=\"https:\/\/www.cedrusquimica.com\/actividades\/por-sectores\/servicios-de-gestion-y-otros\/recambio-de-toallas\/\" \/>\n<meta property=\"og:locale\" content=\"es_ES\" \/>\n<meta property=\"og:type\" content=\"article\" \/>\n<meta property=\"og:title\" content=\"Recambio de Toallas - Cedrus Qu\u00edmica\" \/>\n<meta property=\"og:description\" content=\"Servicio de cambio y limpieza de toallas en rollo El secamanos de algod\u00f3n es la soluci\u00f3n id\u00f3nea para secarse las manos Las manos no quedan higi\u00e9nicamente limpias sin un secado eficaz. Tras un minucioso lavado, adem\u00e1s de respetar la piel, el secamanos textil contribuye a eliminar la suciedad residual gracias a su tejido Hacaback. Con [&hellip;]\" \/>\n<meta property=\"og:url\" content=\"https:\/\/www.cedrusquimica.com\/actividades\/por-sectores\/servicios-de-gestion-y-otros\/recambio-de-toallas\/\" \/>\n<meta property=\"og:site_name\" content=\"Cedrus Qu\u00edmica\" \/>\n<meta property=\"article:modified_time\" content=\"2018-10-22T17:45:22+00:00\" \/>\n<meta property=\"og:image\" content=\"https:\/\/www.cedrusquimica.com\/actividades\/wp-content\/uploads\/2018\/09\/SECAMANOS-05-300x273.jpg\" \/>\n<meta name=\"twitter:card\" content=\"summary_large_image\" \/>\n<meta name=\"twitter:label1\" content=\"Tiempo de lectura\" \/>\n\t<meta name=\"twitter:data1\" content=\"1 minuto\" \/>\n<script type=\"application\/ld+json\" class=\"yoast-schema-graph\">{\"@context\":\"https:\\\/\\\/schema.org\",\"@graph\":[{\"@type\":\"WebPage\",\"@id\":\"https:\\\/\\\/www.cedrusquimica.com\\\/actividades\\\/por-sectores\\\/servicios-de-gestion-y-otros\\\/recambio-de-toallas\\\/\",\"url\":\"https:\\\/\\\/www.cedrusquimica.com\\\/actividades\\\/por-sectores\\\/servicios-de-gestion-y-otros\\\/recambio-de-toallas\\\/\",\"name\":\"Recambio de Toallas - Cedrus Qu\u00edmica\",\"isPartOf\":{\"@id\":\"https:\\\/\\\/www.cedrusquimica.com\\\/actividades\\\/#website\"},\"primaryImageOfPage\":{\"@id\":\"https:\\\/\\\/www.cedrusquimica.com\\\/actividades\\\/por-sectores\\\/servicios-de-gestion-y-otros\\\/recambio-de-toallas\\\/#primaryimage\"},\"image\":{\"@id\":\"https:\\\/\\\/www.cedrusquimica.com\\\/actividades\\\/por-sectores\\\/servicios-de-gestion-y-otros\\\/recambio-de-toallas\\\/#primaryimage\"},\"thumbnailUrl\":\"https:\\\/\\\/www.cedrusquimica.com\\\/actividades\\\/wp-content\\\/uploads\\\/2018\\\/09\\\/SECAMANOS-05-300x273.jpg\",\"datePublished\":\"2018-09-26T12:35:41+00:00\",\"dateModified\":\"2018-10-22T17:45:22+00:00\",\"breadcrumb\":{\"@id\":\"https:\\\/\\\/www.cedrusquimica.com\\\/actividades\\\/por-sectores\\\/servicios-de-gestion-y-otros\\\/recambio-de-toallas\\\/#breadcrumb\"},\"inLanguage\":\"es\",\"potentialAction\":[{\"@type\":\"ReadAction\",\"target\":[\"https:\\\/\\\/www.cedrusquimica.com\\\/actividades\\\/por-sectores\\\/servicios-de-gestion-y-otros\\\/recambio-de-toallas\\\/\"]}]},{\"@type\":\"ImageObject\",\"inLanguage\":\"es\",\"@id\":\"https:\\\/\\\/www.cedrusquimica.com\\\/actividades\\\/por-sectores\\\/servicios-de-gestion-y-otros\\\/recambio-de-toallas\\\/#primaryimage\",\"url\":\"https:\\\/\\\/www.cedrusquimica.com\\\/actividades\\\/wp-content\\\/uploads\\\/2018\\\/09\\\/SECAMANOS-05.jpg\",\"contentUrl\":\"https:\\\/\\\/www.cedrusquimica.com\\\/actividades\\\/wp-content\\\/uploads\\\/2018\\\/09\\\/SECAMANOS-05.jpg\",\"width\":600,\"height\":545},{\"@type\":\"BreadcrumbList\",\"@id\":\"https:\\\/\\\/www.cedrusquimica.com\\\/actividades\\\/por-sectores\\\/servicios-de-gestion-y-otros\\\/recambio-de-toallas\\\/#breadcrumb\",\"itemListElement\":[{\"@type\":\"ListItem\",\"position\":1,\"name\":\"Portada\",\"item\":\"https:\\\/\\\/www.cedrusquimica.com\\\/actividades\\\/\"},{\"@type\":\"ListItem\",\"position\":2,\"name\":\"Por sectores\",\"item\":\"https:\\\/\\\/www.cedrusquimica.com\\\/actividades\\\/\"},{\"@type\":\"ListItem\",\"position\":3,\"name\":\"Servicios de gesti\u00f3n y otros\",\"item\":\"https:\\\/\\\/www.cedrusquimica.com\\\/actividades\\\/por-sectores\\\/servicios-de-gestion-y-otros\\\/\"},{\"@type\":\"ListItem\",\"position\":4,\"name\":\"Recambio de Toallas\"}]},{\"@type\":\"WebSite\",\"@id\":\"https:\\\/\\\/www.cedrusquimica.com\\\/actividades\\\/#website\",\"url\":\"https:\\\/\\\/www.cedrusquimica.com\\\/actividades\\\/\",\"name\":\"Cedrus Qu\u00edmica\",\"description\":\"Fabricaci\u00f3n y venta de productos quimicos\",\"publisher\":{\"@id\":\"https:\\\/\\\/www.cedrusquimica.com\\\/actividades\\\/#organization\"},\"potentialAction\":[{\"@type\":\"SearchAction\",\"target\":{\"@type\":\"EntryPoint\",\"urlTemplate\":\"https:\\\/\\\/www.cedrusquimica.com\\\/actividades\\\/?s={search_term_string}\"},\"query-input\":{\"@type\":\"PropertyValueSpecification\",\"valueRequired\":true,\"valueName\":\"search_term_string\"}}],\"inLanguage\":\"es\"},{\"@type\":\"Organization\",\"@id\":\"https:\\\/\\\/www.cedrusquimica.com\\\/actividades\\\/#organization\",\"name\":\"Cedrus Qu\u00edmica\",\"url\":\"https:\\\/\\\/www.cedrusquimica.com\\\/actividades\\\/\",\"logo\":{\"@type\":\"ImageObject\",\"inLanguage\":\"es\",\"@id\":\"https:\\\/\\\/www.cedrusquimica.com\\\/actividades\\\/#\\\/schema\\\/logo\\\/image\\\/\",\"url\":\"https:\\\/\\\/www.cedrusquimica.com\\\/actividades\\\/wp-content\\\/uploads\\\/2018\\\/04\\\/logo-1.png\",\"contentUrl\":\"https:\\\/\\\/www.cedrusquimica.com\\\/actividades\\\/wp-content\\\/uploads\\\/2018\\\/04\\\/logo-1.png\",\"width\":200,\"height\":200,\"caption\":\"Cedrus Qu\u00edmica\"},\"image\":{\"@id\":\"https:\\\/\\\/www.cedrusquimica.com\\\/actividades\\\/#\\\/schema\\\/logo\\\/image\\\/\"}}]}<\/script>\n<!-- \/ Yoast SEO plugin. -->","yoast_head_json":{"title":"Recambio de Toallas - Cedrus Qu\u00edmica","robots":{"index":"index","follow":"follow","max-snippet":"max-snippet:-1","max-image-preview":"max-image-preview:large","max-video-preview":"max-video-preview:-1"},"canonical":"https:\/\/www.cedrusquimica.com\/actividades\/por-sectores\/servicios-de-gestion-y-otros\/recambio-de-toallas\/","og_locale":"es_ES","og_type":"article","og_title":"Recambio de Toallas - Cedrus Qu\u00edmica","og_description":"Servicio de cambio y limpieza de toallas en rollo El secamanos de algod\u00f3n es la soluci\u00f3n id\u00f3nea para secarse las manos Las manos no quedan higi\u00e9nicamente limpias sin un secado eficaz. Tras un minucioso lavado, adem\u00e1s de respetar la piel, el secamanos textil contribuye a eliminar la suciedad residual gracias a su tejido Hacaback. Con [&hellip;]","og_url":"https:\/\/www.cedrusquimica.com\/actividades\/por-sectores\/servicios-de-gestion-y-otros\/recambio-de-toallas\/","og_site_name":"Cedrus Qu\u00edmica","article_modified_time":"2018-10-22T17:45:22+00:00","og_image":[{"url":"https:\/\/www.cedrusquimica.com\/actividades\/wp-content\/uploads\/2018\/09\/SECAMANOS-05-300x273.jpg","type":"","width":"","height":""}],"twitter_card":"summary_large_image","twitter_misc":{"Tiempo de lectura":"1 minuto"},"schema":{"@context":"https:\/\/schema.org","@graph":[{"@type":"WebPage","@id":"https:\/\/www.cedrusquimica.com\/actividades\/por-sectores\/servicios-de-gestion-y-otros\/recambio-de-toallas\/","url":"https:\/\/www.cedrusquimica.com\/actividades\/por-sectores\/servicios-de-gestion-y-otros\/recambio-de-toallas\/","name":"Recambio de Toallas - Cedrus Qu\u00edmica","isPartOf":{"@id":"https:\/\/www.cedrusquimica.com\/actividades\/#website"},"primaryImageOfPage":{"@id":"https:\/\/www.cedrusquimica.com\/actividades\/por-sectores\/servicios-de-gestion-y-otros\/recambio-de-toallas\/#primaryimage"},"image":{"@id":"https:\/\/www.cedrusquimica.com\/actividades\/por-sectores\/servicios-de-gestion-y-otros\/recambio-de-toallas\/#primaryimage"},"thumbnailUrl":"https:\/\/www.cedrusquimica.com\/actividades\/wp-content\/uploads\/2018\/09\/SECAMANOS-05-300x273.jpg","datePublished":"2018-09-26T12:35:41+00:00","dateModified":"2018-10-22T17:45:22+00:00","breadcrumb":{"@id":"https:\/\/www.cedrusquimica.com\/actividades\/por-sectores\/servicios-de-gestion-y-otros\/recambio-de-toallas\/#breadcrumb"},"inLanguage":"es","potentialAction":[{"@type":"ReadAction","target":["https:\/\/www.cedrusquimica.com\/actividades\/por-sectores\/servicios-de-gestion-y-otros\/recambio-de-toallas\/"]}]},{"@type":"ImageObject","inLanguage":"es","@id":"https:\/\/www.cedrusquimica.com\/actividades\/por-sectores\/servicios-de-gestion-y-otros\/recambio-de-toallas\/#primaryimage","url":"https:\/\/www.cedrusquimica.com\/actividades\/wp-content\/uploads\/2018\/09\/SECAMANOS-05.jpg","contentUrl":"https:\/\/www.cedrusquimica.com\/actividades\/wp-content\/uploads\/2018\/09\/SECAMANOS-05.jpg","width":600,"height":545},{"@type":"BreadcrumbList","@id":"https:\/\/www.cedrusquimica.com\/actividades\/por-sectores\/servicios-de-gestion-y-otros\/recambio-de-toallas\/#breadcrumb","itemListElement":[{"@type":"ListItem","position":1,"name":"Portada","item":"https:\/\/www.cedrusquimica.com\/actividades\/"},{"@type":"ListItem","position":2,"name":"Por sectores","item":"https:\/\/www.cedrusquimica.com\/actividades\/"},{"@type":"ListItem","position":3,"name":"Servicios de gesti\u00f3n y otros","item":"https:\/\/www.cedrusquimica.com\/actividades\/por-sectores\/servicios-de-gestion-y-otros\/"},{"@type":"ListItem","position":4,"name":"Recambio de Toallas"}]},{"@type":"WebSite","@id":"https:\/\/www.cedrusquimica.com\/actividades\/#website","url":"https:\/\/www.cedrusquimica.com\/actividades\/","name":"Cedrus Qu\u00edmica","description":"Fabricaci\u00f3n y venta de productos quimicos","publisher":{"@id":"https:\/\/www.cedrusquimica.com\/actividades\/#organization"},"potentialAction":[{"@type":"SearchAction","target":{"@type":"EntryPoint","urlTemplate":"https:\/\/www.cedrusquimica.com\/actividades\/?s={search_term_string}"},"query-input":{"@type":"PropertyValueSpecification","valueRequired":true,"valueName":"search_term_string"}}],"inLanguage":"es"},{"@type":"Organization","@id":"https:\/\/www.cedrusquimica.com\/actividades\/#organization","name":"Cedrus Qu\u00edmica","url":"https:\/\/www.cedrusquimica.com\/actividades\/","logo":{"@type":"ImageObject","inLanguage":"es","@id":"https:\/\/www.cedrusquimica.com\/actividades\/#\/schema\/logo\/image\/","url":"https:\/\/www.cedrusquimica.com\/actividades\/wp-content\/uploads\/2018\/04\/logo-1.png","contentUrl":"https:\/\/www.cedrusquimica.com\/actividades\/wp-content\/uploads\/2018\/04\/logo-1.png","width":200,"height":200,"caption":"Cedrus Qu\u00edmica"},"image":{"@id":"https:\/\/www.cedrusquimica.com\/actividades\/#\/schema\/logo\/image\/"}}]}},"_links":{"self":[{"href":"https:\/\/www.cedrusquimica.com\/actividades\/wp-json\/wp\/v2\/pages\/812","targetHints":{"allow":["GET"]}}],"collection":[{"href":"https:\/\/www.cedrusquimica.com\/actividades\/wp-json\/wp\/v2\/pages"}],"about":[{"href":"https:\/\/www.cedrusquimica.com\/actividades\/wp-json\/wp\/v2\/types\/page"}],"author":[{"embeddable":true,"href":"https:\/\/www.cedrusquimica.com\/actividades\/wp-json\/wp\/v2\/users\/6"}],"replies":[{"embeddable":true,"href":"https:\/\/www.cedrusquimica.com\/actividades\/wp-json\/wp\/v2\/comments?post=812"}],"version-history":[{"count":16,"href":"https:\/\/www.cedrusquimica.com\/actividades\/wp-json\/wp\/v2\/pages\/812\/revisions"}],"predecessor-version":[{"id":890,"href":"https:\/\/www.cedrusquimica.com\/actividades\/wp-json\/wp\/v2\/pages\/812\/revisions\/890"}],"up":[{"embeddable":true,"href":"https:\/\/www.cedrusquimica.com\/actividades\/wp-json\/wp\/v2\/pages\/2694"}],"wp:attachment":[{"href":"https:\/\/www.cedrusquimica.com\/actividades\/wp-json\/wp\/v2\/media?parent=812"}],"curies":[{"name":"wp","href":"https:\/\/api.w.org\/{rel}","templated":true}]}}